 8*n**2 + n**3. Let k be s(7). List the prime factors of m(k).
2, 7
Let f(k) = 209*k + 24. Let i be f(7). List the prime factors of 22/(-99) - i/(-9).
3, 5, 11
Suppose -3*q - 1358 = -2*r, -10 = 5*q - 0. What are the prime factors of r?
2, 13
What are the prime factors of 13 + 871/(-65) - 44524/(-10)?
2, 3, 7, 53
Suppose 0 = 5*n - 4*z - 48 - 2, -5*n = 5*z - 50. What are the prime factors of n?
2, 5
Let f(t) = 15*t - 7 - t + 8. List the prime factors of f(5).
71
Let b = 7 + -9. List the prime factors of ((-63)/(-14))/((-1)/b).
3
Suppose 0 = 353*b - 364*b + 8635. What are the prime factors of b?
5, 157
Let l be (-3)/(-3)*17 - 3. Suppose -4*n = -16, 0 = -2*i + 3*i - 4*n + 5. Let g = l - i. What are the prime factors of g?
3
Let o(y) = -y**2 + 6*y - 3. Let j be o(3). Suppose 0 = -2*b + 6*v - 4*v + j, -4*b = 2*v - 6. Suppose 0 = -b*q + 21 + 47. What are the prime factors of q?
2, 17
Suppose 5*t - 7562 = -j + 2954, -j + 1 = 0. What are the prime factors of t?
3, 701
Let h(p) = -p**3 + 6*p**2 - 4*p - 2. Let i be h(4). Suppose -4*a + 510 = i. What are the prime factors of a?
2, 31
Let h = -35 + 37. Suppose h*s + 18 = 5*s. List the prime factors of 474/18 - (-4)/s.
3
Suppose 11*m + 35 = 134. Suppose 0 = m*k - 4*k - 455. What are the prime factors of k?
7, 13
Suppose 0 = 5*t + 44 - 104. Let n = 79 - t. What are the prime factors of n?
67
Suppose 0 = l - 2*c - 7, -4*l - c + 21 = 2. List the prime factors of (-2 - l/(-3))*(-705 - -6).
233
Let a = -47 + 87. Suppose -5*m + 7 + 73 = z, -4*m = -4*z - a. What are the prime factors of 3*(-20)/m + 57?
53
Let o = 92 - 10. Suppose -4*c + o = -w, 4*w + 242 = c - 26. List the prime factors of (w/1)/(1 - 3).
3, 11
Let r(v) = 4*v. List the prime factors of r(6).
2, 3
Suppose -u - 1767 = -2*i, 4425 = 5*i + 6*u - 11*u. List the prime factors of i.
2, 3, 7
Suppose -90*d = -89*d - 130. Suppose -c + 33 = t, 0 = -4*t - 0*t - 3*c + d. List the prime factors of t.
31
Let u be -3 - (1/4 - 200/32). Suppose 0 = 2*v - c - 280, -2*v - u*c = 2*v - 570. List the prime factors of v.
3, 47
Suppose -w + 5*w + 20 = 0. Let l(g) = g + 5. Let b be l(w). Suppose 6*v + 2*v - 424 = b. List the prime factors of v.
53
Let q = 3 - -5. Let y be -52*(6/q + 0). Let l = y - -80. What are the prime factors of l?
41
Suppose 15 = -2*a + 5*r, -5*a + 4*r = -9*a + 12. List the prime factors of 11*(-1 - -29) + 2 + a.
2, 5, 31
Let f = -14 + 7. Let p = f + 4. What are the prime factors of 1 - (p - (1 - -13))?
2, 3
Suppose -4*g = -k + 41, -2*k - g + 54 = -2*g. Let l = k + 23. List the prime factors of l.
2, 3
Let h = 993 + -249. What are the prime factors of h?
2, 3, 31
Let w(x) = -x**3 + 6*x**2 + x - 1. Let p be w(6). Let j(a) = 5*a + 11. Let d be j(9). Suppose -p*h + d = -74. List the prime factors of h.
2, 13
Let o be ((-1)/(-2))/(18/144). What are the prime factors of ((-1054)/51)/(o/(-18))?
3, 31
Let l = -1023 - -2896. What are the prime factors of l?
1873
Let x(l) = -475*l - 108. List the prime factors of x(-5).
2267
Let j be 2/(-4)*-2*4. What are the prime factors of (-204)/18*(-6)/j?
17
What are the prime factors of (2584/6 - (-10)/30)*2?
2, 431
Let v be (16 - 1) + -10 + 7. Let l = 14 - v. Suppose 2*g + 4*f + 6 = 0, l*f = -0*f - 6. What are the prime factors of g?
3
Let w(y) be the second derivative of -y**5/20 - y**4/3 + 5*y**2/2 - 4*y. Let n be w(-5). Suppose 100 = 5*h + n. List the prime factors of h.
2, 7
Let j(d) = -d - 5*d**2 + 2*d + 2*d + 6*d**2. What are the prime factors of j(-6)?
2, 3
Suppose -4*a = -2*a - 4. Let l(j) = a*j - j - 6 - 1. List the prime factors of l(11).
2
Suppose 50*v - 46*v = 1908. List the prime factors of v.
3, 53
Suppose b = -3*b. Suppose 3*x = 2*l + 3*l + 130, -3*x + l = -146. Suppose b = -9*w + 10*w - x. List the prime factors of w.
2, 5
Let l(h) = 2*h - 91. Let z(g) = -g + 46. Let v(q) = 2*l(q) + 5*z(q). What are the prime factors of v(14)?
2, 17
Suppose 3*a - 2*v = 6, 0 = 3*a + v - 2 + 5. Suppose a = 11*f - 13*f + 172. What are the prime factors of f?
2, 43
Let s be (512/6)/((-5)/15). What are the prime factors of -1*1*s/4?
2
Suppose -3*x - 8 = -14. Suppose r + x*p = 56, -3*p - 213 = r - 5*r. What are the prime factors of r?
2, 3
Suppose 5*w - 12 = 4*n, -6*w + 2*w = -16. Suppose 0 = 4*y, -4*y - 56 = n*p - 208. List the prime factors of p.
2, 19
Let s be -2 - -1 - 1 - 7. Let r = s + 13. What are the prime factors of 2 - -1 - r - -13?
2, 3
Let i be (5/(-3))/(7/42). Suppose v = -3*v + 60. What are the prime factors of i/v + 249/9?
3
Let a = -14 + 16. Suppose -2 = a*q - 0. What are the prime factors of 1*q*(9 + -34)?
5
Suppose -2838 = -6*h - 1002. List the prime factors of h.
2, 3, 17
Let j(h) = -2*h + 32. Let l be j(15). Suppose 2*o = l*g - 92, 3*g = -5*o - 0*o + 170. What are the prime factors of g?
2, 5
Let a(z) = -1 - 21*z + 20*z + 7 + z**2. Let t be a(5). Suppose -3*q = -q - t. What are the prime factors of q?
13
Let x be -2 + -1 + (-17 - -14). What are the prime factors of (32/(-6) + 2)/(2/x)?
2, 5
Suppose 0 = -2*c + 2*b + 692, 5*c - 3*b = -b + 1736. Suppose 0 = -4*v - 2*v + c. What are the prime factors of v?
2, 29
Suppose -4*s + 3*s - 192 = -3*j, 5*s = -j + 48. Let c = 177 - j. List the prime factors of c.
2, 3, 19
Suppose -3*c = -3*n + 1305, 7 = 4*c - 1. Suppose 3*w = 5*w - 4*t - 422, -2*w = t - n. What are the prime factors of w?
7, 31
Let s(x) = 2*x - 1. Let y be s(8). Suppose z - y = -5*h, -23 = h - 5*h - 3*z. Suppose 140 = -0*o + h*o - l, -2*o + 2*l = -144. What are the prime factors of o?
2, 17
Let h(f) = 51*f**3 + 4*f**2 - 2*f + 1. What are the prime factors of h(2)?
421
Let j(m) = -m + 4. Let d be j(7). Let l = 6 - d. Let k(h) = -h**3 + 11*h**2 - 13*h + 10. What are the prime factors of k(l)?
5, 11
Let g(u) = 48*u - 16. What are the prime factors of g(4)?
2, 11
Suppose -5*x + 15 = 0, 3*p + 3*x - 6 = 3. Let s(q) = q**3 + q + 82. List the prime factors of s(p).
2, 41
Let u = -87 + 98. Suppose -377 = -2*s - 3*g, u*g - 6*g = 5*s - 955. List the prime factors of s.
2, 5, 19
Let u = 2202 + -1329. List the prime factors of u.
3, 97
Let n = 14 - 14. Suppose n = -3*s + t + 196, -2*s - 3*t = -10 - 128. Suppose 7*j - 4*j = s. What are the prime factors of j?
2, 11
Let z(q) = -q**3 + 3*q**2 + 4*q + 2. Let u be z(4). Let x(o) = 12*o. List the prime factors of x(u).
2, 3
Let h = 53 - -207. Suppose -3*x - 2*n = -160, h = 6*x - x + 2*n. What are the prime factors of x?
2, 5
Let q be -5 + 5 - (-15)/3. Suppose -5*k + 2*k = -3*w + 15, 5*w + 5*k - q = 0. What are the prime factors of 1 + w/((-15)/(-290))?
59
Let n(v) = 19*v**2 - 3*v + 29. What are the prime factors of n(11)?
3, 5, 17
Let q = 20 - 18. Suppose -c + 2*i + 3 + 3 = 0, -3*i = q*c - 5. Suppose -c*j = -h + 13, -2*j - 3*j = -5*h + 80. What are the prime factors of h?
17
Let f(l) = -9*l**2 + l**3 + 12*l + 6 - 2*l + 2*l - 4*l. Let u be f(8). Suppose u*m - 153 = 3*m. List the prime factors of m.
3, 17
What are the prime factors of (-2)/26 + (-1016646)/(-598)?
2, 5, 17
Let u be (-2 - 39)*(-1 - 0). Let h(t) = -t**2 - t + 9. Let d be h(-6). Let l = d + u. What are the prime factors of l?
2, 5
Let p = -1118 + 1601. What are the prime factors of p?
3, 7, 23
Let w be -3 - -6 - (0 - 60). Let r = 140 - w. What are the prime factors of r?
7, 11
Let a(y) = -y**3 + 8*y**2 - 10*y. Let f be a(5). Let x = 40 + f. List the prime factors of x.
5, 13
Let m = 276 + 272. Let a = m + -269. What are the prime factors of a?
3, 31
Let s be (-1)/(-1)*(34 - 6). Let a be 6/(-9) - s/3. Let i = 39 + a. List the prime factors of i.
29
Suppose 3*w - 1078 = -z, -4*w + 7*z + 1412 = 2*z. List the prime factors of w.
2, 179
Let y = 48 - 33. Suppose -3*s = -8*s + y. Let k(o) = 11*o - 6. What are the prime factors of k(s)?
3
Let k = 14 - 6. Let v be -3 - (-3)/3*k. Suppose -x = -2*c - 5*x + 32, x = v*c - 25. List the prime factors of c.
2, 3
Let m be 12/5 + 0 + (-10)/25. Suppose -2*l - 2*a = -5*a - 180, 5*l - 412 = -m*a. What are the prime factors of l?
2, 3, 7
Let j = 1262 + -764. What are the prime factors of j?
2, 3, 83
Suppose -3*n = 3*n - 3498. List the prime factors of (n/22)/(1/2).
53
Let m(v) = -v**2 + 7*v + 1. Let y be m(6). Let b(g) = 10*g**2 + y*g + 2*g**3 + 2 + 0*g - g**3. List the prime factors of b(-9).
2, 5
Let z(v) = -v**3 - 6*v**2 - v + 2. Let a(t) = -t + 3. Let f be a(4). Let g = -7 - 